{"id":5282,"date":"2022-12-14T16:48:43","date_gmt":"2022-12-14T19:48:43","guid":{"rendered":"https:\/\/gustavoadolfo.com.br\/univates\/?page_id=5282"},"modified":"2025-11-11T07:44:30","modified_gmt":"2025-11-11T10:44:30","slug":"formularios-para-alteracao-do-responsavel-financeiro","status":"publish","type":"page","link":"https:\/\/gustavoadolfo.com.br\/univates\/formularios-para-alteracao-do-responsavel-financeiro\/","title":{"rendered":"Formul\u00e1rios para altera\u00e7\u00e3o do respons\u00e1vel financeiro"},"content":{"rendered":"\t\t<div data-elementor-type=\"wp-page\" data-elementor-id=\"5282\" class=\"elementor elementor-5282\" data-elementor-settings=\"[]\">\n\t\t\t\t\t\t\t<div class=\"elementor-section-wrap\">\n\t\t\t\t\t\t\t<section class=\"elementor-section elementor-top-section elementor-element elementor-element-9fe7748 elementor-section-boxed elementor-section-height-default elementor-section-height-default\" data-id=\"9fe7748\" data-element_type=\"section\">\n\t\t\t\t\t\t<div class=\"elementor-container elementor-column-gap-default\">\n\t\t\t\t\t<div class=\"elementor-column elementor-col-100 elementor-top-column elementor-element elementor-element-d2a82d9\" data-id=\"d2a82d9\" data-element_type=\"column\">\n\t\t\t<div class=\"elementor-widget-wrap elementor-element-populated\">\n\t\t\t\t\t\t\t\t<div class=\"elementor-element elementor-element-b2a4bbf elementor-widget elementor-widget-text-editor\" data-id=\"b2a4bbf\" data-element_type=\"widget\" data-widget_type=\"text-editor.default\">\n\t\t\t\t<div class=\"elementor-widget-container\">\n\t\t\t\t\t\t\t<p>Para alterar o respons\u00e1vel financeiro pelo estudante, fa\u00e7a o download do arquivo abaixo e preencha-o corretamente.<\/p><p><a href=\"http:\/\/gustavoadolfo.com.br\/arquivos\/requerimentos\/Solicitacao_alteracao_resp_financeiro.pdf\">1 \u2013 Formul\u00e1rio para altera\u00e7\u00e3o do respons\u00e1vel financeiro \u2013 Col\u00e9gio Sinodal Gustavo Adolfo<\/a><\/p><p>O formul\u00e1rio \u00e9 o documento Institucional para registro da altera\u00e7\u00e3o do respons\u00e1vel financeiro.<\/p>\t\t\t\t\t\t<\/div>\n\t\t\t\t<\/div>\n\t\t\t\t\t<\/div>\n\t\t<\/div>\n\t\t\t\t\t\t\t<\/div>\n\t\t<\/section>\n\t\t\t\t\t\t<\/div>\n\t\t\t\t\t<\/div>\n\t\t","protected":false},"excerpt":{"rendered":"<p>Para alterar o respons\u00e1vel financeiro pelo estudante, fa\u00e7a o download do arquivo abaixo e preencha-o corretamente. 1 \u2013 Formul\u00e1rio para altera\u00e7\u00e3o do respons\u00e1vel financeiro \u2013 Col\u00e9gio Sinodal Gustavo Adolfo O formul\u00e1rio \u00e9 o documento Institucional para registro da altera\u00e7\u00e3o do respons\u00e1vel financeiro.<\/p>\n","protected":false},"author":1,"featured_media":0,"parent":0,"menu_order":0,"comment_status":"closed","ping_status":"closed","template":"","meta":[],"_links":{"self":[{"href":"https:\/\/gustavoadolfo.com.br\/univates\/wp-json\/wp\/v2\/pages\/5282"}],"collection":[{"href":"https:\/\/gustavoadolfo.com.br\/univates\/wp-json\/wp\/v2\/pages"}],"about":[{"href":"https:\/\/gustavoadolfo.com.br\/univates\/wp-json\/wp\/v2\/types\/page"}],"author":[{"embeddable":true,"href":"https:\/\/gustavoadolfo.com.br\/univates\/wp-json\/wp\/v2\/users\/1"}],"replies":[{"embeddable":true,"href":"https:\/\/gustavoadolfo.com.br\/univates\/wp-json\/wp\/v2\/comments?post=5282"}],"version-history":[{"count":25,"href":"https:\/\/gustavoadolfo.com.br\/univates\/wp-json\/wp\/v2\/pages\/5282\/revisions"}],"predecessor-version":[{"id":5983,"href":"https:\/\/gustavoadolfo.com.br\/univates\/wp-json\/wp\/v2\/pages\/5282\/revisions\/5983"}],"wp:attachment":[{"href":"https:\/\/gustavoadolfo.com.br\/univates\/wp-json\/wp\/v2\/media?parent=5282"}],"curies":[{"name":"wp","href":"https:\/\/api.w.org\/{rel}","templated":true}]}}