{"id":5192,"date":"2022-12-08T14:20:53","date_gmt":"2022-12-08T17:20:53","guid":{"rendered":"https:\/\/gustavoadolfo.com.br\/univates\/?page_id=5192"},"modified":"2025-07-23T15:50:56","modified_gmt":"2025-07-23T18:50:56","slug":"conselho-administrativo","status":"publish","type":"page","link":"https:\/\/gustavoadolfo.com.br\/univates\/conselho-administrativo\/","title":{"rendered":"Conselho Administrativo"},"content":{"rendered":"\n<p><\/p>\n\n\n\n<p>O Centro de Educa\u00e7\u00e3o B\u00e1sica Gustavo Adolfo, GA, \u00e9 administrado por um Conselho Administrativo composto por membros ligados \u00e0 IECLB, al\u00e9m de Presidente e P\u00e1roco da Comunidade Evang\u00e9lica em Lajeado e Representante da Associa\u00e7\u00e3o de Pais, Professores e Amigos (APPA).<br><br>O conselho administrativo exerce a administra\u00e7\u00e3o geral e direta sobre a institui\u00e7\u00e3o, reunindo-se normativamente uma vez por m\u00eas.<\/p>\n\n\n\n<p><\/p>\n\n\n\n<p><strong>CONSELHO ADMINISTRATIVO<\/strong><\/p>\n\n\n\n<p>Presidente &#8211; LISANI\u00a0LAGEMANN CALVI<strong> \u00a0\u00a0\u00a0\u00a0\u00a0\u00a0\u00a0\u00a0\u00a0\u00a0\u00a0\u00a0\u00a0\u00a0 <\/strong><\/p>\n\n\n\n<p>Vice-presidente &#8211; LUCIANO METZ\u00a0\u00a0\u00a0\u00a0\u00a0\u00a0\u00a0\u00a0\u00a0\u00a0\u00a0\u00a0\u00a0 \u00a0\u00a0\u00a0\u00a0\u00a0\u00a0\u00a0\u00a0\u00a0\u00a0\u00a0\u00a0\u00a0\u00a0\u00a0\u00a0\u00a0\u00a0\u00a0\u00a0\u00a0\u00a0 <\/p>\n\n\n\n<p>Secret\u00e1rio &#8211; DALIA WINTER\u00a0\u00a0\u00a0 \u00a0\u00a0\u00a0\u00a0<strong>\u00a0\u00a0\u00a0\u00a0\u00a0\u00a0\u00a0\u00a0\u00a0\u00a0\u00a0\u00a0\u00a0\u00a0\u00a0\u00a0\u00a0\u00a0\u00a0\u00a0\u00a0\u00a0\u00a0\u00a0\u00a0\u00a0\u00a0\u00a0\u00a0\u00a0 \u00a0&#8211;<\/strong><\/p>\n\n\n\n<p>Conselheiro &#8211; HERTA HEDI WELZEL\u00a0 \u00a0\u00a0\u00a0\u00a0\u00a0\u00a0\u00a0\u00a0\u00a0\u00a0 \u00a0\u00a0\u00a0\u00a0\u00a0\u00a0\u00a0\u00a0\u00a0<\/p>\n\n\n\n<p>Conselheiro &#8211; L\u00d4NI METZELTHIN<strong>\u00a0\u00a0 \u00a0\u00a0\u00a0\u00a0\u00a0\u00a0\u00a0\u00a0\u00a0\u00a0\u00a0\u00a0\u00a0\u00a0\u00a0\u00a0\u00a0\u00a0\u00a0\u00a0\u00a0\u00a0\u00a0\u00a0\u00a0<\/strong><\/p>\n\n\n\n<p>Conselheiro &#8211; LOVANI LEONHART<strong>\u00a0\u00a0\u00a0\u00a0\u00a0\u00a0\u00a0\u00a0\u00a0\u00a0\u00a0\u00a0\u00a0\u00a0\u00a0\u00a0\u00a0\u00a0\u00a0\u00a0\u00a0\u00a0\u00a0\u00a0\u00a0<\/strong><\/p>\n\n\n\n<p><strong>Conselho Fiscal:<\/strong><\/p>\n\n\n\n<p>Efetivo \u2013 GUSTAVO GREVE\u00a0\u00a0\u00a0\u00a0\u00a0\u00a0\u00a0\u00a0\u00a0\u00a0 \u00a0\u00a0\u00a0\u00a0\u00a0\u00a0\u00a0\u00a0\u00a0\u00a0\u00a0\u00a0\u00a0\u00a0\u00a0\u00a0\u00a0\u00a0\u00a0\u00a0\u00a0\u00a0\u00a0\u00a0\u00a0\u00a0\u00a0\u00a0\u00a0\u00a0\u00a0\u00a0\u00a0\u00a0\u00a0\u00a0\u00a0\u00a0\u00a0\u00a0<\/p>\n\n\n\n<p>Efetivo \u2013 PATRICIA WALLAUER<strong>\u00a0\u00a0\u00a0\u00a0\u00a0\u00a0\u00a0\u00a0\u00a0\u00a0\u00a0\u00a0\u00a0\u00a0\u00a0\u00a0\u00a0\u00a0\u00a0\u00a0 \u00a0\u00a0\u00a0\u00a0\u00a0\u00a0\u00a0\u00a0\u00a0\u00a0\u00a0 \u00a0\u00a0\u00a0\u00a0\u00a0\u00a0\u00a0\u00a0\u00a0\u00a0\u00a0<\/strong><\/p>\n\n\n\n<p>Efetivo &#8211;\u00a0 CARLA SCHWINGEL<strong>\u00a0\u00a0\u00a0\u00a0\u00a0\u00a0\u00a0\u00a0\u00a0\u00a0\u00a0\u00a0\u00a0\u00a0\u00a0\u00a0\u00a0\u00a0\u00a0\u00a0\u00a0\u00a0\u00a0\u00a0 \u00a0\u00a0\u00a0\u00a0\u00a0\u00a0\u00a0\u00a0\u00a0\u00a0\u00a0\u00a0\u00a0\u00a0\u00a0\u00a0\u00a0\u00a0\u00a0\u00a0\u00a0<\/strong><\/p>\n\n\n\n<p>Suplente- JANDIR DICKEL\u00a0\u00a0\u00a0\u00a0\u00a0\u00a0\u00a0\u00a0\u00a0\u00a0\u00a0\u00a0\u00a0\u00a0\u00a0\u00a0\u00a0\u00a0\u00a0\u00a0\u00a0\u00a0\u00a0\u00a0\u00a0\u00a0\u00a0\u00a0\u00a0\u00a0\u00a0\u00a0\u00a0\u00a0\u00a0\u00a0\u00a0\u00a0\u00a0\u00a0\u00a0\u00a0\u00a0\u00a0\u00a0\u00a0\u00a0\u00a0\u00a0\u00a0\u00a0\u00a0\u00a0\u00a0\u00a0<\/p>\n\n\n\n<p>Suplente- \u00c9RICO WALLAUER\u00a0\u00a0\u00a0 \u00a0\u00a0\u00a0\u00a0\u00a0\u00a0\u00a0\u00a0\u00a0\u00a0\u00a0 \u00a0\u00a0\u00a0\u00a0\u00a0\u00a0\u00a0\u00a0\u00a0\u00a0\u00a0\u00a0\u00a0\u00a0\u00a0\u00a0\u00a0\u00a0\u00a0\u00a0\u00a0\u00a0\u00a0\u00a0\u00a0\u00a0\u00a0\u00a0\u00a0\u00a0\u00a0\u00a0\u00a0\u00a0\u00a0<\/p>\n\n\n\n<p>Suplente- ALVARO JOS\u00c9 DALTO\u00c9\u00a0\u00a0\u00a0\u00a0\u00a0\u00a0\u00a0\u00a0\u00a0\u00a0\u00a0\u00a0\u00a0\u00a0\u00a0\u00a0\u00a0\u00a0\u00a0\u00a0\u00a0\u00a0\u00a0\u00a0\u00a0\u00a0\u00a0\u00a0\u00a0\u00a0\u00a0\u00a0\u00a0\u00a0\u00a0\u00a0\u00a0\u00a0\u00a0\u00a0\u00a0\u00a0\u00a0 <\/p>\n\n\n\n<p><strong>Membros Natos:<\/strong><\/p>\n\n\n\n<p>Presidente da Comunidade Evang\u00e9lica de Confiss\u00e3o Luterana em Lajeado \u2013 WILSON HENN<\/p>\n\n\n\n<p>P\u00e1roco da Comunidade Evang\u00e9lica de Confiss\u00e3o Luterana em Lajeado \u2013 MAURO COMPAGNONI ALVES<\/p>\n\n\n\n<p>Representante da APPA &#8211; RENATO WORM<\/p>\n","protected":false},"excerpt":{"rendered":"<p>O Centro de Educa\u00e7\u00e3o B\u00e1sica Gustavo Adolfo, GA, \u00e9 administrado por um Conselho Administrativo composto por membros ligados \u00e0 IECLB, al\u00e9m de Presidente e P\u00e1roco da Comunidade Evang\u00e9lica em Lajeado e Representante da Associa\u00e7\u00e3o de Pais, Professores e Amigos (APPA). O conselho administrativo exerce a administra\u00e7\u00e3o geral e direta sobre a institui\u00e7\u00e3o, reunindo-se normativamente uma<br \/><a class=\"moretag\" href=\"https:\/\/gustavoadolfo.com.br\/univates\/conselho-administrativo\/\">+ Read More<\/a><\/p>\n","protected":false},"author":1,"featured_media":0,"parent":0,"menu_order":0,"comment_status":"closed","ping_status":"closed","template":"","meta":[],"_links":{"self":[{"href":"https:\/\/gustavoadolfo.com.br\/univates\/wp-json\/wp\/v2\/pages\/5192"}],"collection":[{"href":"https:\/\/gustavoadolfo.com.br\/univates\/wp-json\/wp\/v2\/pages"}],"about":[{"href":"https:\/\/gustavoadolfo.com.br\/univates\/wp-json\/wp\/v2\/types\/page"}],"author":[{"embeddable":true,"href":"https:\/\/gustavoadolfo.com.br\/univates\/wp-json\/wp\/v2\/users\/1"}],"replies":[{"embeddable":true,"href":"https:\/\/gustavoadolfo.com.br\/univates\/wp-json\/wp\/v2\/comments?post=5192"}],"version-history":[{"count":3,"href":"https:\/\/gustavoadolfo.com.br\/univates\/wp-json\/wp\/v2\/pages\/5192\/revisions"}],"predecessor-version":[{"id":5891,"href":"https:\/\/gustavoadolfo.com.br\/univates\/wp-json\/wp\/v2\/pages\/5192\/revisions\/5891"}],"wp:attachment":[{"href":"https:\/\/gustavoadolfo.com.br\/univates\/wp-json\/wp\/v2\/media?parent=5192"}],"curies":[{"name":"wp","href":"https:\/\/api.w.org\/{rel}","templated":true}]}}