{"id":4606,"date":"2019-10-01T06:34:43","date_gmt":"2019-10-01T06:34:43","guid":{"rendered":"https:\/\/sktthemesdemo.net\/hotel\/?page_id=4606"},"modified":"2024-09-26T13:53:00","modified_gmt":"2024-09-26T16:53:00","slug":"home","status":"publish","type":"page","link":"https:\/\/gustavoadolfo.com.br\/univates\/","title":{"rendered":"Home"},"content":{"rendered":"\t\t<div data-elementor-type=\"wp-page\" data-elementor-id=\"4606\" class=\"elementor elementor-4606\" data-elementor-settings=\"[]\">\n\t\t\t\t\t\t\t<div class=\"elementor-section-wrap\">\n\t\t\t\t\t\t\t<section class=\"elementor-section elementor-top-section elementor-element elementor-element-b577a93 elementor-section-boxed elementor-section-height-default elementor-section-height-default\" data-id=\"b577a93\" data-element_type=\"section\">\n\t\t\t\t\t\t<div class=\"elementor-container elementor-column-gap-default\">\n\t\t\t\t\t<div class=\"elementor-column elementor-col-100 elementor-top-column elementor-element elementor-element-35d756c\" data-id=\"35d756c\" data-element_type=\"column\">\n\t\t\t<div class=\"elementor-widget-wrap elementor-element-populated\">\n\t\t\t\t\t\t\t\t<div class=\"elementor-element elementor-element-0e33c11 elementor-widget elementor-widget-shortcode\" data-id=\"0e33c11\" data-element_type=\"widget\" data-widget_type=\"shortcode.default\">\n\t\t\t\t<div class=\"elementor-widget-container\">\n\t\t\t\t\t<div class=\"elementor-shortcode\"><div id=\"metaslider-id-5203\" style=\"width: 100%;\" class=\"ml-slider-3-28-0 metaslider metaslider-flex metaslider-5203 ml-slider nav-hidden\">\n    <div id=\"metaslider_container_5203\">\n        <div id=\"metaslider_5203\">\n            <ul aria-live=\"polite\" class=\"slides\">\n                <li style=\"display: block; width: 100%;\" class=\"slide-6058 ms-image\"><a href=\"https:\/\/drive.google.com\/drive\/folders\/1-B-p6E0uijQxkd2occU3pRT9qCrJY6wc?usp=sharing\" target=\"_self\"><img decoding=\"async\" loading=\"lazy\" src=\"https:\/\/gustavoadolfo.com.br\/univates\/wp-content\/uploads\/2026\/04\/Banner_site_regulamento-atelie_univates-958x200.png\" height=\"200\" width=\"958\" alt=\"\" class=\"slider-5203 slide-6058\" title=\"Banner_site_regulamento atelie_univates\" \/><\/a><\/li>\n                <li style=\"display: none; width: 100%;\" class=\"slide-6060 ms-image\"><img decoding=\"async\" loading=\"lazy\" src=\"https:\/\/gustavoadolfo.com.br\/univates\/wp-content\/uploads\/2026\/04\/Banner_site_atelie-marca-mutante-inscricoes-encerradas-958x200.png\" height=\"200\" width=\"958\" alt=\"\" class=\"slider-5203 slide-6060\" title=\"Banner_site_atelie marca mutante inscri\u00e7\u00f5es encerradas\" \/><\/li>\n                <li style=\"display: none; width: 100%;\" class=\"slide-6015 ms-image\"><a href=\"https:\/\/drive.google.com\/file\/d\/1azUKeQKAPmGRqwcQ1QiLtrMM6-Il6SnJ\/view?usp=sharing\" target=\"_self\"><img decoding=\"async\" loading=\"lazy\" src=\"https:\/\/gustavoadolfo.com.br\/univates\/wp-content\/uploads\/2026\/02\/Banner_site_horarios-958x200.png\" height=\"200\" width=\"958\" alt=\"\" class=\"slider-5203 slide-6015\" title=\"Banner_site_horarios\" \/><\/a><\/li>\n            <\/ul>\n        <\/div>\n        \n    <\/div>\n<\/div><\/div>\n\t\t\t\t<\/div>\n\t\t\t\t<\/div>\n\t\t\t\t\t<\/div>\n\t\t<\/div>\n\t\t\t\t\t\t\t<\/div>\n\t\t<\/section>\n\t\t\t\t<section class=\"elementor-section elementor-top-section elementor-element elementor-element-42de0912 elementor-section-boxed elementor-section-height-default elementor-section-height-default\" data-id=\"42de0912\" data-element_type=\"section\" data-settings=\"{&quot;background_background&quot;:&quot;classic&quot;}\">\n\t\t\t\t\t\t<div class=\"elementor-container elementor-column-gap-default\">\n\t\t\t\t\t<div class=\"elementor-column elementor-col-100 elementor-top-column elementor-element elementor-element-34d6fbb6\" data-id=\"34d6fbb6\" data-element_type=\"column\">\n\t\t\t<div class=\"elementor-widget-wrap elementor-element-populated\">\n\t\t\t\t\t\t\t\t<section class=\"elementor-section elementor-inner-section elementor-element elementor-element-5e0de28f animated-slow elementor-section-boxed elementor-section-height-default elementor-section-height-default elementor-invisible\" data-id=\"5e0de28f\" data-element_type=\"section\" data-settings=\"{&quot;animation&quot;:&quot;fadeInUp&quot;}\">\n\t\t\t\t\t\t<div class=\"elementor-container elementor-column-gap-default\">\n\t\t\t\t\t<div class=\"elementor-column elementor-col-50 elementor-inner-column elementor-element elementor-element-735c6f40\" data-id=\"735c6f40\" data-element_type=\"column\">\n\t\t\t<div class=\"elementor-widget-wrap\">\n\t\t\t\t\t\t\t\t\t<\/div>\n\t\t<\/div>\n\t\t\t\t<div class=\"elementor-column elementor-col-50 elementor-inner-column elementor-element elementor-element-6a8f6be2\" data-id=\"6a8f6be2\" data-element_type=\"column\">\n\t\t\t<div class=\"elementor-widget-wrap\">\n\t\t\t\t\t\t\t\t\t<\/div>\n\t\t<\/div>\n\t\t\t\t\t\t\t<\/div>\n\t\t<\/section>\n\t\t\t\t\t<\/div>\n\t\t<\/div>\n\t\t\t\t\t\t\t<\/div>\n\t\t<\/section>\n\t\t\t\t<section class=\"elementor-section elementor-top-section elementor-element elementor-element-3a6ae35b elementor-section-boxed elementor-section-height-default elementor-section-height-default\" data-id=\"3a6ae35b\" data-element_type=\"section\" data-settings=\"{&quot;background_background&quot;:&quot;classic&quot;}\">\n\t\t\t\t\t\t<div class=\"elementor-container elementor-column-gap-default\">\n\t\t\t\t\t<div class=\"elementor-column elementor-col-100 elementor-top-column elementor-element elementor-element-245fe9ee\" data-id=\"245fe9ee\" data-element_type=\"column\">\n\t\t\t<div class=\"elementor-widget-wrap elementor-element-populated\">\n\t\t\t\t\t\t\t\t<div class=\"elementor-element elementor-element-67b4d859 elementor-position-top elementor-vertical-align-top elementor-widget elementor-widget-image-box\" data-id=\"67b4d859\" data-element_type=\"widget\" data-widget_type=\"image-box.default\">\n\t\t\t\t<div class=\"elementor-widget-container\">\n\t\t\t<div class=\"elementor-image-box-wrapper\"><figure class=\"elementor-image-box-img\"><a href=\"https:\/\/gustavoadolfo.com.br\/univates\/2022\/01\/27\/elementor-4922\/\"><img decoding=\"async\" width=\"1734\" height=\"1740\" src=\"https:\/\/gustavoadolfo.com.br\/univates\/wp-content\/uploads\/2022\/12\/ensino-medio-scaled-e1727369461491.jpg\" class=\"attachment-full size-full\" alt=\"\" loading=\"lazy\" \/><\/a><\/figure><div class=\"elementor-image-box-content\"><h3 class=\"elementor-image-box-title\"><a href=\"https:\/\/gustavoadolfo.com.br\/univates\/2022\/01\/27\/elementor-4922\/\">ENSINO M\u00c9DIO<\/a><\/h3><p class=\"elementor-image-box-description\">A Unidade de Ensino M\u00e9dio GA - Campus Univates inicou em  2022, por meio de um projeto desenvolvido entre as duas Institui\u00e7\u00f5es, fundamentado em tend\u00eancias do mercado e da comunidade.<br><br>Escola de Ensino M\u00e9dio no Campus Univates.<\/p><\/div><\/div>\t\t<\/div>\n\t\t\t\t<\/div>\n\t\t\t\t\t<\/div>\n\t\t<\/div>\n\t\t\t\t\t\t\t<\/div>\n\t\t<\/section>\n\t\t\t\t<section class=\"elementor-section elementor-top-section elementor-element elementor-element-35d1454 elementor-section-boxed elementor-section-height-default elementor-section-height-default\" data-id=\"35d1454\" data-element_type=\"section\">\n\t\t\t\t\t\t<div class=\"elementor-container elementor-column-gap-default\">\n\t\t\t\t\t<div class=\"elementor-column elementor-col-100 elementor-top-column elementor-element elementor-element-a9cb8e3\" data-id=\"a9cb8e3\" data-element_type=\"column\">\n\t\t\t<div class=\"elementor-widget-wrap elementor-element-populated\">\n\t\t\t\t\t\t\t\t<div class=\"elementor-element elementor-element-cd72aa5 elementor-widget elementor-widget-text-editor\" data-id=\"cd72aa5\" data-element_type=\"widget\" data-widget_type=\"text-editor.default\">\n\t\t\t\t<div class=\"elementor-widget-container\">\n\t\t\t\t\t\t\t\t\t\t\t\t\t<\/div>\n\t\t\t\t<\/div>\n\t\t\t\t\t<\/div>\n\t\t<\/div>\n\t\t\t\t\t\t\t<\/div>\n\t\t<\/section>\n\t\t\t\t\t\t<\/div>\n\t\t\t\t\t<\/div>\n\t\t","protected":false},"excerpt":{"rendered":"<p>ENSINO M\u00c9DIO A Unidade de Ensino M\u00e9dio GA &#8211; Campus Univates inicou em 2022, por meio de um projeto desenvolvido entre as duas Institui\u00e7\u00f5es, fundamentado em tend\u00eancias do mercado e da comunidade. Escola de Ensino M\u00e9dio no Campus Univates.<\/p>\n","protected":false},"author":1,"featured_media":0,"parent":0,"menu_order":0,"comment_status":"closed","ping_status":"closed","template":"templates\/elementor.php","meta":[],"_links":{"self":[{"href":"https:\/\/gustavoadolfo.com.br\/univates\/wp-json\/wp\/v2\/pages\/4606"}],"collection":[{"href":"https:\/\/gustavoadolfo.com.br\/univates\/wp-json\/wp\/v2\/pages"}],"about":[{"href":"https:\/\/gustavoadolfo.com.br\/univates\/wp-json\/wp\/v2\/types\/page"}],"author":[{"embeddable":true,"href":"https:\/\/gustavoadolfo.com.br\/univates\/wp-json\/wp\/v2\/users\/1"}],"replies":[{"embeddable":true,"href":"https:\/\/gustavoadolfo.com.br\/univates\/wp-json\/wp\/v2\/comments?post=4606"}],"version-history":[{"count":102,"href":"https:\/\/gustavoadolfo.com.br\/univates\/wp-json\/wp\/v2\/pages\/4606\/revisions"}],"predecessor-version":[{"id":5725,"href":"https:\/\/gustavoadolfo.com.br\/univates\/wp-json\/wp\/v2\/pages\/4606\/revisions\/5725"}],"wp:attachment":[{"href":"https:\/\/gustavoadolfo.com.br\/univates\/wp-json\/wp\/v2\/media?parent=4606"}],"curies":[{"name":"wp","href":"https:\/\/api.w.org\/{rel}","templated":true}]}}