{"id":4951,"date":"2022-01-31T16:21:35","date_gmt":"2022-01-31T19:21:35","guid":{"rendered":"https:\/\/csgustavoadolfo.com.br\/saocristovao\/?page_id=4951"},"modified":"2026-04-09T09:38:02","modified_gmt":"2026-04-09T12:38:02","slug":"ensino-fundamental-anos-finais","status":"publish","type":"page","link":"https:\/\/gustavoadolfo.com.br\/saocristovao\/ensino-fundamental-anos-finais\/","title":{"rendered":"Ensino Fundamental &#8211; Anos Finais"},"content":{"rendered":"<p dir=\"ltr\" style=\"line-height: 1.5; margin-top: 0pt; margin-bottom: 15pt;\">Os Anos Finais do Ensino Fundamental compreendem as turmas de 6\u00ba a 9\u00ba ano. Os objetivos deste per\u00edodo s\u00e3o oportunizar ao estudante condi\u00e7\u00f5es de socializa\u00e7\u00e3o, fortalecendo v\u00ednculos familiares e la\u00e7os de solidariedade humana, numa atua\u00e7\u00e3o cr\u00edtica, aut\u00f4noma e respons\u00e1vel no exerc\u00edcio da cidadania; fazer uso diferentes formas de linguagem como meio para produzir, expressar e comunicar suas ideias, interpretar e usufruir das produ\u00e7\u00f5es culturais, em contextos p\u00fablicos e privados, atendendo a diferentes inten\u00e7\u00f5es e situa\u00e7\u00f5es de comunica\u00e7\u00e3o; utilizar diferentes fontes de informa\u00e7\u00e3o e recursos tecnol\u00f3gicos para adquirir e construir conhecimentos a partir da pesquisa e da pr\u00e1tica; questionar a realidade formulando e resolvendo problemas, utilizando o pensamento l\u00f3gico, a criatividade, a intui\u00e7\u00e3o, a capacidade anal\u00edtica, selecionando procedimentos e verificando sua adequa\u00e7\u00e3o; perceber-se integrante e agente transformador do ambiente e da sociedade; desenvolver o conhecimento de si mesmo e o sentimento de confian\u00e7a em suas capacidades afetivas, f\u00edsicas, cognitivas, \u00e9ticas, est\u00e9ticas, de inter-rela\u00e7\u00e3o pessoal e de inser\u00e7\u00e3o social, para agir com perseveran\u00e7a na busca de conhecimento e no exerc\u00edcio da cidadania; conhecer e cuidar do pr\u00f3prio corpo, valorizar e adotar h\u00e1bitos saud\u00e1veis como um dos aspectos b\u00e1sicos da qualidade de vida e agir com responsabilidade em rela\u00e7\u00e3o \u00e0 sa\u00fade individual e \u00e0 sa\u00fade coletiva.<\/p>\n<p><span style=\"font-weight: 400;\">De 6\u00ba ao 7\u00ba ano, os estudantes realizam as atividades di\u00e1rias na Unidade Col\u00e9gio Sinodal Gustavo Adolfo. A partir do 8\u00ba ano, suas aulas passam a acontecer na Unidade de Ensino M\u00e9dio Gustavo Adolfo &#8211; Campus Univates.<\/span><\/p>\n<p><img loading=\"lazy\" class=\"alignnone size-full wp-image-5121\" src=\"https:\/\/gustavoadolfo.com.br\/saocristovao\/wp-content\/uploads\/2022\/12\/ANOS-FINAIS-scaled.jpg\" alt=\"\" width=\"2560\" height=\"1922\" srcset=\"https:\/\/gustavoadolfo.com.br\/saocristovao\/wp-content\/uploads\/2022\/12\/ANOS-FINAIS-scaled.jpg 2560w, https:\/\/gustavoadolfo.com.br\/saocristovao\/wp-content\/uploads\/2022\/12\/ANOS-FINAIS-300x225.jpg 300w, https:\/\/gustavoadolfo.com.br\/saocristovao\/wp-content\/uploads\/2022\/12\/ANOS-FINAIS-1024x769.jpg 1024w, https:\/\/gustavoadolfo.com.br\/saocristovao\/wp-content\/uploads\/2022\/12\/ANOS-FINAIS-768x577.jpg 768w, https:\/\/gustavoadolfo.com.br\/saocristovao\/wp-content\/uploads\/2022\/12\/ANOS-FINAIS-1536x1153.jpg 1536w, https:\/\/gustavoadolfo.com.br\/saocristovao\/wp-content\/uploads\/2022\/12\/ANOS-FINAIS-2048x1538.jpg 2048w\" sizes=\"(max-width: 2560px) 100vw, 2560px\" \/><\/p>\n","protected":false},"excerpt":{"rendered":"<p>Os Anos Finais do Ensino Fundamental compreendem as turmas de 6\u00ba a 9\u00ba ano. Os objetivos deste per\u00edodo s\u00e3o oportunizar ao estudante condi\u00e7\u00f5es de socializa\u00e7\u00e3o, fortalecendo v\u00ednculos familiares e la\u00e7os de solidariedade humana, numa atua\u00e7\u00e3o cr\u00edtica, aut\u00f4noma e respons\u00e1vel no exerc\u00edcio da cidadania; fazer uso diferentes formas de linguagem como meio para produzir, expressar e<br \/><a class=\"moretag\" href=\"https:\/\/gustavoadolfo.com.br\/saocristovao\/ensino-fundamental-anos-finais\/\">+ Read More<\/a><\/p>\n","protected":false},"author":2,"featured_media":0,"parent":0,"menu_order":0,"comment_status":"closed","ping_status":"closed","template":"","meta":[],"_links":{"self":[{"href":"https:\/\/gustavoadolfo.com.br\/saocristovao\/wp-json\/wp\/v2\/pages\/4951"}],"collection":[{"href":"https:\/\/gustavoadolfo.com.br\/saocristovao\/wp-json\/wp\/v2\/pages"}],"about":[{"href":"https:\/\/gustavoadolfo.com.br\/saocristovao\/wp-json\/wp\/v2\/types\/page"}],"author":[{"embeddable":true,"href":"https:\/\/gustavoadolfo.com.br\/saocristovao\/wp-json\/wp\/v2\/users\/2"}],"replies":[{"embeddable":true,"href":"https:\/\/gustavoadolfo.com.br\/saocristovao\/wp-json\/wp\/v2\/comments?post=4951"}],"version-history":[{"count":8,"href":"https:\/\/gustavoadolfo.com.br\/saocristovao\/wp-json\/wp\/v2\/pages\/4951\/revisions"}],"predecessor-version":[{"id":6457,"href":"https:\/\/gustavoadolfo.com.br\/saocristovao\/wp-json\/wp\/v2\/pages\/4951\/revisions\/6457"}],"wp:attachment":[{"href":"https:\/\/gustavoadolfo.com.br\/saocristovao\/wp-json\/wp\/v2\/media?parent=4951"}],"curies":[{"name":"wp","href":"https:\/\/api.w.org\/{rel}","templated":true}]}}